(g) = -8*g**3 + 9*g**2 - g - 3. Let x(v) = -6*h(v) - 7*r(v). Let t be 924/70 + -10 + (-8)/(-30)*3. Determine x(t).
-4
Let j(z) = -5*z**2 - 19*z + 6. Let d(m) = m**2 + 4*m - 1. Let r(g) = 11*d(g) + 2*j(g). Suppose 3*k - 6 = 0, -3*f - 25 = -3*k - 2*k. Give r(f).
-4
Let j(h) = 10*h**2 + 23*h - 25. Let z be j(1). Let t(q) = -q**2 + 4*q + 32. Determine t(z).
0
Let g be (5/2)/((-2)/(-4)). Suppose -1 + g = -4*t. Let r(p) be the third derivative of -3*p**5/10 - 24899*p**2 - 2*p. Determine r(t).
-18
Let m(k) = 2455*k**2 + 2*k - 54 - 4911*k**2 + 2457*k**2. Calculate m(6).
-6
Let j(u) = u + 3. Let g(q) = -q**3 + 8*q - 11. Let i = -517 + 519. Let n be g(i). What is j(n)?
0
Suppose 27*b - 66 = -39. Suppose 5*g - 32 = 4*h, -4*g + b + 33 = h. Let k(z) = -z**2 + 8*z + 10. Determine k(g).
10
Let s = 74 + -65. Suppose s = 5*p - 16. Suppose -11 = -p*x + 9. Let l(z) = -z**2 + 7*z - 3. Give l(x).
9
Suppose 235 - 83 = 4*f. Let s(b) = b**2 + 34*b + 4 - f*b - 3. What is s(4)?
1
Suppose 4*n - 107*g - 76 = -111*g, 0 = -n + 2*g + 1. Let h(d) = -d**3 + 14*d**2 - 12*d + 4. Give h(n).
17
Let v be (-2)/6 - 13/(-3). Let c = 407 + -405. Suppose 3*a = c*z, 4*z + a + v*a = -44. Let x(q) = q**2 + 5*q - 7. What is x(z)?
-1
Let w(f) = f**2 - 7*f - 37. Suppose 138*b + 66 = 74*b + 70*b. What is w(b)?
7
Let g = -7 + 10. Let x = 10426 + -10423. Let m(b) = -2 - g - 9 + x*b**2 - 4*b**2. What is m(0)?
-14
Let y(u) = 13*u - 11. Suppose -5*c + 2*j = 4, 23*c - j + 5 = 22*c. Determine y(c).
15
Let h = -15626 - -15579. Let w(q) = -q**2 - 53*q - 282. Give w(h).
0
Let n(c) = -3*c**2 - 4*c + 7*c - 24*c - 14 + 0. Calculate n(-6).
4
Suppose -44 = -24*x + 4. Suppose x*s - 7 = 21*v - 24*v, v + 38 = 3*s. Let l(p) = p**2 - 13*p + 21. What is l(s)?
-1
Suppose -n - 5 = s, -2*n = 2371*s - 2372*s - 11. Let w(x) = x**3 - x**2 - 8*x + 12. Determine w(n).
0
Let q(d) = 3*d**2 - 22*d - 15. Let g be q(8). Suppose g = 47*z - 46*z. Let o(m) = -5*m**2 - 2*m + 3. Give o(z).
-4
Let v be 2 + -1 - (0 + 1). Let m(c) = 7*c**3 + 12*c**2 - 7*c. Let x(l) = l**3 + 2*l**2 - l. Let a be 4*(-12)/(-20)*5/2. Let f(w) = a*x(w) - m(w). Give f(v).
0
Let r(c) = -c - 9. Suppose -81*k - 270 = -90*k. Suppose -11 = 5*q + x + k, 3*q + x = -23. Give r(q).
0
Let i(z) be the third derivative of z**5/30 + z**4/24 - z**3/6 + z**2. Let d(g) = 5*g + 925 - 1008 + 11*g. Let y be d(5). Give i(y).
14
Let v(f) = -f**3. Let l(p) = 4*p**3 - 5*p**2 - 4*p + 6. Suppose 5*m + 5*n = 0, -4*m + 2 + 4 = -2*n. Let u(j) = m*l(j) + 3*v(j). Determine u(5).
-14
Let z = 40188 - 40179. Let x(r) = -7*r**2 - 19 + 11*r - r + 6*r**2. What is x(z)?
-10
Let w(t) be the third derivative of -5*t**4/24 - 59*t**3/6 + 2*t**2 + 912. Calculate w(-17).
26
Let y(r) = 2 + 8*r + 23584*r**3 - 11795*r**3 + 5*r**2 - 11788*r**3. What is y(-3)?
-4
Let s(t) = 3*t**2 - t**2 + 3*t - 3502 - 3497 + 6994 - 2*t. Let k = -4 - 0. What is s(k)?
23
Let x = 164 - 165. Let o(m) = 7*m. Let j(t) = 4 - 3 + 2*t - 3*t. Let v(g) = x*o(g) - 3*j(g). Give v(-2).
5
Let c(a) = a**2 - 6*a + 9. Suppose 0 = 50*z + 8 - 258. Suppose -5*l + 35 = z*d, 4*d - 2*d = l + 11. Determine c(d).
9
Let n(b) = -44*b - 74. Let r(l) = 4*l + 5. Let p(d) = -n(d) - 12*r(d). Let g be ((-1)/(-2))/(2/24). What is p(g)?
-10
Let o = -11356 - -11358. Let h(f) = 2*f**3 - f**2 - 4*f - 1. Determine h(o).
3
Suppose 1023 = 12*p + 1095. Let o(v) = 7 - 2*v - 7 - 3. Give o(p).
9
Let n(s) be the first derivative of -s**7/840 + s**6/90 - s**5/60 + s**4/12 + 9*s**3 - 45. Let j(a) be the third derivative of n(a). Determine j(3).
5
Let k(f) be the first derivative of -f**4/4 + 2*f**3 + f**2/2 + f + 1258. Calculate k(5).
31
Let q(c) = 5*c + 6. Let m(j) = 16*j + 20. Let t(u) = 12*m(u) - 39*q(u). Give t(-6).
24
Suppose 3*y + 164 = -8*h - 0*y, -2*h - 4*y = 28. Let a(l) = -15*l - 335. Calculate a(h).
-5
Let v(x) = -9*x**2 + 2*x - 5*x**3 + 11 + 6*x**3 - 27. Let g be v(9). Let l(j) = 113*j**3 + j**2 + 5 + j + 0*j - 2*j**g - 112*j**3. Calculate l(0).
5
Let k(h) = h**3 - 7*h**2 - 146 - 45*h - 14*h**2 + 147 + 14*h**2 + 35*h. Let t be 116/14 + (-6)/21. Calculate k(t).
-15
Let t(b) = b**3 - 8*b**2 + 37. Let f be (-4 - (-6)/4)*14*3/(-15). What is t(f)?
-12
Let q = -119 + 115. Let b(o) be the third derivative of -o**7/1260 - o**6/144 + o**5/60 - 3*o**2. Let r(y) be the third derivative of b(y). Calculate r(q).
11
Let i(l) = 71*l - 29*l + 61 - 112 - 19*l. Give i(2).
-5
Let y(h) = -h**3 - 3*h**2 + 10*h + 1. Let g(c) = -5*c**3 - 14*c**2 + 49*c + 5. Let x(s) = -2*g(s) + 11*y(s). Give x(2).
-3
Let j = -9 - -13. Let p(n) = -42*n + 162. Determine p(j).
-6
Let j(b) = -5*b + 63. Suppose 11 + 22 = 3*g - o, 0 = 3*g + 3*o - 45. What is j(g)?
3
Let n(w) be the third derivative of -w**5/60 - 11*w**4/24 - 14*w**3/3 - 1463*w**2. Give n(-7).
0
Suppose -71 = -o - 8. Let m = o + -56. Suppose -4*s + 6 = -2*k, k - m = s - 4*s. Let n(w) = -w**3 - w**2 + 3*w - 3. Calculate n(s).
-9
Suppose -9 = 3*l + 9. Let s(i) = 3 + 547*i**3 - 6*i**2 + 6*i - 269*i**3 - 5*i - 279*i**3. Give s(l).
-3
Let x be 9/(-7) + (-6370)/1715. Let f(l) = 7*l**2 + 5*l - 19. Let m(i) = -11*i**2 - 7*i + 29. Let q(g) = -8*f(g) - 5*m(g). Determine q(x).
7
Let y(j) = 2*j**2 - 28*j - 29. Let r(i) = 3*i**3 - 43*i**2 + 146*i - 3. Let n be r(9). Determine y(n).
1
Let o(r) = -r**2 + 4*r + 2. Let b be -823 - (-3 + (13 - 1)). Let m = 831 + b. Determine o(m).
-3
Let b(r) be the third derivative of -1/24*r**4 + 0*r + 1/2*r**3 + 64*r**2 + 0. Determine b(3).
0
Let i(f) be the first derivative of -5 + 1/20*f**5 - 31*f - 3/2*f**2 - 1/3*f**3 + 1/12*f**4. Let k(r) be the first derivative of i(r). Determine k(-2).
-3
Let g(s) = 8*s + 5. Let u(l) = 18*l + 9. Let q(d) = -5*g(d) + 2*u(d). Let o(m) = 15 - 31 - 3*m + 10. Let p(v) = -6*o(v) + 5*q(v). What is p(3)?
-5
Let n(i) be the second derivative of -i**4/12 - 19*i**3/6 + 5*i**2/2 + i + 4963. Calculate n(-18).
23
Let x(n) be the first derivative of -n**4/4 + 4*n**3/3 + 4*n + 1272. Suppose b + 3 = -3*a + 16, b - 9 = -2*a. What is x(a)?
4
Let z(q) = 2*q**2 - 2*q + 15. Let f = 45414 - 45409. Determine z(f).
55
Let a(v) be the second derivative of v**4/12 - 5*v**3/6 + 8*v**2 - 6603*v. Calculate a(-6).
82
Suppose -3*y = -3*y + 3*y - 9. Let v(x) = -x**3 - x**2 + 3*x + 7. Calculate v(y).
-20
Let p(d) = -d - 1. Suppose -17*v + 350 = -160. Suppose -8*g + 13*g + v = 0. Determine p(g).
5
Suppose 0 = 8*m - 3903 + 3847. Let l(o) = -o**3 + 6*o**2 + 8*o - 7. Calculate l(m).
0
Let c(p) = -p**3 + 16*p**2 - 20*p + 11. Suppose 45*i - 41*i = t + 5, 3*t = -4*i + 65. Give c(t).
-64
Let m(b) = 30*b + 52*b - 110*b + 34*b - 225. Give m(38).
3
Let f(s) = -14*s + 88. Suppose 32*v - 147 = -62 + 139. Give f(v).
-10
Let m(d) = -8*d + 29. Let k(y) = 3*y - 10. Let v(t) = -14*k(t) - 4*m(t). Let a(n) = 5*n - 11. Let o(h) = -9*a(h) - 4*v(h). Determine o(-4).
23
Let b(u) = 2 - 13*u + 4*u + 18*u - 10*u. What is b(-2)?
4
Let q(a) = -14*a**3 - 11*a**2 - 22*a - 40. Let j(h) = -5*h**3 - 4*h**2 - 6*h - 14. Let f(w) = 17*j(w) - 6*q(w). Give f(-7).
37
Let o(v) = 398*v + 1190. Let l be o(-3). Suppose 5*a = a. Let z(p) = -p - 3 - 4*p + a - p**2. Determine z(l).
1
Let b(j) be the second derivative of -j**3/6 + 6*j**2 - 1014*j. What is b(4)?
8
Let z(s) be the second derivative of 1/24*s**4 - 1/2*s**3 - 3*s - 5 - 11/2*s**2. Let f(x) be the first derivative of z(x). Give f(5).
2
Let i(h) = -h**2 + 234*h - 921. Let x be i(4). Let s(b) be the third derivative of 11*b**5/60 - b**3/6 + b**2. What is s(x)?
10
Let z(m) = -2*m**2 + 19*m - 18. Let i be z(8). Let g(y) be the second derivative of 0 - 5*y + 1/2*y**4 - 1/20*y**5 - y**2 + 1/6*y**3. What is g(i)?
4
Suppose -5 = -2*t - 17. Suppose -5*a - f = -32, -3*a + 4 + 20 = 3*f. Let i(g) = -7*g + 6. Let p(m) = -15*m + 12. Let c(k) = a*p(k) - 13*i(k). Calculate c(t).
-12
Let s(c) = -35*c**3 - 8*c - 7 + 34*c**3 + 9*c**2 - c**2 + 8. Suppose -3*k = -15 - 6. Let m be s(k). Let d(f) = f**3 + 5*f**2 - 9*f - 3. Determine d(m).
15
Let p(o) = o**3 - 5*o**2 - 6*o + 12. Suppose -126*y - 234 = 139*y - 304*y. Determine p(y).
12
Suppose 0 = 5*a + 10, -g + 7*a + 34 = 4*a. Suppose -r + g = 6*r. Suppose 3*t - 2*h + 6 = 0, 12 = 3*t - r*h + 8*h. Let n(c) = c**3 + c**2 + c - 3. Give n(t).
-3
Let r(v) = -9*v**2 - 207*v. Let f be r(-22). Let w(a) = -394 + f + 200 + 2*a. Calculate w(3).
10
Let n(m) = -33 - 2*m**2 + 38